{"id":34,"date":"2013-08-10T16:25:45","date_gmt":"2013-08-10T14:25:45","guid":{"rendered":"http:\/\/test.s-kreuzer.de\/?page_id=34"},"modified":"2026-02-17T10:35:29","modified_gmt":"2026-02-17T09:35:29","slug":"termine-2","status":"publish","type":"page","link":"https:\/\/s-kreuzer.de\/?page_id=34","title":{"rendered":"Termine 2026"},"content":{"rendered":"\n<p><strong>Geplante Ranglistentermine der Deutschen und \u00d6sterreichischen Klassenvereinigungen <\/strong><\/p>\n\n\n\n\n\n<figure class=\"wp-block-table\"><table class=\"has-fixed-layout\"><tbody><tr><td>Termin<\/td><td>Regatta<\/td><td>Revier<\/td><td>Ausrichter&nbsp;<\/td><td>RL-Punkte<\/td><\/tr><tr><td>02.\/03.05.<\/td><td>Jollenkreuzer Cup Classic boats<\/td><td>6-Seen Duisburg<\/td><td>DuYC<\/td><td>1,1<\/td><\/tr><tr><td>16.\/17.05.<\/td><td>D\u00fcmmerwoche<\/td><td>D\u00fcmmer<\/td><td>SCD<\/td><td>1,2<\/td><\/tr><tr><td><\/td><td>Ammersee Cup<\/td><td><em>f\u00e4llt aus<\/em><\/td><td>ESC<\/td><td><\/td><\/tr><tr><td>24.05.<\/td><td>Frankenauer Pokalwettfahrten im Ramen der Pfingstregatta&nbsp;<\/td><td>D\u00fcmmer<\/td><td>SCC<\/td><td>1,2<\/td><\/tr><tr><td>30.05.-02.06.<\/td><td>\u00d6sterr. Meisterschaft<\/td><td>Neusiedler See<\/td><td>YCM<\/td><td><\/td><\/tr><tr><td><em>31.05. ca. 19:00 Uhr<\/em><\/td><td>Jahreshauptversammlung&nbsp;<\/td><td>M\u00f6rbisch<\/td><td>YCM<\/td><td>separate Einladung folgt<\/td><\/tr><tr><td>03.06.-06.06.<\/td><td>IDB \/ EuroCup<\/td><td>Neusiedler See<\/td><td>YCM<\/td><td><\/td><\/tr><tr><td>16.\/17.08.<\/td><td>LeusingerCup im Rahmen der JeKaMi <\/td><td>D\u00fcmmer <\/td><td>SCL<\/td><td>1,2<\/td><\/tr><tr><td>12.\/13.09.<\/td><td>Burgenl\u00e4ndische Landesmeisterschaft<\/td><td>Neusiedler See<\/td><td>YCP<\/td><td>1,3<\/td><\/tr><\/tbody><\/table><\/figure>\n","protected":false},"excerpt":{"rendered":"<p>Geplante Ranglistentermine der Deutschen und \u00d6sterreichischen Klassenvereinigungen Termin Regatta Revier Ausrichter&nbsp; RL-Punkte 02.\/03.05. Jollenkreuzer Cup Classic boats 6-Seen Duisburg DuYC 1,1 16.\/17.05. D\u00fcmmerwoche D\u00fcmmer SCD 1,2 Ammersee Cup f\u00e4llt aus ESC 24.05. Frankenauer Pokalwettfahrten im Ramen der Pfingstregatta&nbsp; D\u00fcmmer SCC<\/p>\n","protected":false},"author":1,"featured_media":0,"parent":0,"menu_order":2,"comment_status":"closed","ping_status":"closed","template":"","meta":{"_coblocks_attr":"","_coblocks_dimensions":"","_coblocks_responsive_height":"","_coblocks_accordion_ie_support":"","footnotes":""},"class_list":["post-34","page","type-page","status-publish","hentry"],"jetpack_sharing_enabled":false,"jetpack_shortlink":"https:\/\/wp.me\/P87SZm-y","_links":{"self":[{"href":"https:\/\/s-kreuzer.de\/index.php?rest_route=\/wp\/v2\/pages\/34","targetHints":{"allow":["GET"]}}],"collection":[{"href":"https:\/\/s-kreuzer.de\/index.php?rest_route=\/wp\/v2\/pages"}],"about":[{"href":"https:\/\/s-kreuzer.de\/index.php?rest_route=\/wp\/v2\/types\/page"}],"author":[{"embeddable":true,"href":"https:\/\/s-kreuzer.de\/index.php?rest_route=\/wp\/v2\/users\/1"}],"replies":[{"embeddable":true,"href":"https:\/\/s-kreuzer.de\/index.php?rest_route=%2Fwp%2Fv2%2Fcomments&post=34"}],"version-history":[{"count":86,"href":"https:\/\/s-kreuzer.de\/index.php?rest_route=\/wp\/v2\/pages\/34\/revisions"}],"predecessor-version":[{"id":16683,"href":"https:\/\/s-kreuzer.de\/index.php?rest_route=\/wp\/v2\/pages\/34\/revisions\/16683"}],"wp:attachment":[{"href":"https:\/\/s-kreuzer.de\/index.php?rest_route=%2Fwp%2Fv2%2Fmedia&parent=34"}],"curies":[{"name":"wp","href":"https:\/\/api.w.org\/{rel}","templated":true}]}}

<p><strong>Geplante Ranglistentermine der Deutschen und Österreichischen Klassenvereinigungen </strong></p>





<figure class="wp-block-table"><table class="has-fixed-layout"><tbody><tr><td>Termin</td><td>Regatta</td><td>Revier</td><td>Ausrichter&nbsp;</td><td>RL-Punkte</td></tr><tr><td>02./03.05.</td><td>Jollenkreuzer Cup Classic boats</td><td>6-Seen Duisburg</td><td>DuYC</td><td>1,1</td></tr><tr><td>16./17.05.</td><td>Dümmerwoche</td><td>Dümmer</td><td>SCD</td><td>1,2</td></tr><tr><td></td><td>Ammersee Cup</td><td><em>fällt aus</em></td><td>ESC</td><td></td></tr><tr><td>24.05.</td><td>Frankenauer Pokalwettfahrten im Ramen der Pfingstregatta&nbsp;</td><td>Dümmer</td><td>SCC</td><td>1,2</td></tr><tr><td>30.05.-02.06.</td><td>Österr. Meisterschaft</td><td>Neusiedler See</td><td>YCM</td><td></td></tr><tr><td><em>31.05. ca. 19:00 Uhr</em></td><td>Jahreshauptversammlung&nbsp;</td><td>Mörbisch</td><td>YCM</td><td>separate Einladung folgt</td></tr><tr><td>03.06.-06.06.</td><td>IDB / EuroCup</td><td>Neusiedler See</td><td>YCM</td><td></td></tr><tr><td>16./17.08.</td><td>LeusingerCup im Rahmen der JeKaMi </td><td>Dümmer </td><td>SCL</td><td>1,2</td></tr><tr><td>12./13.09.</td><td>Burgenländische Landesmeisterschaft</td><td>Neusiedler See</td><td>YCP</td><td>1,3</td></tr></tbody></table></figure>

<p>Geplante Ranglistentermine der Deutschen und Österreichischen Klassenvereinigungen Termin Regatta Revier Ausrichter&nbsp; RL-Punkte 02./03.05. Jollenkreuzer Cup Classic boats 6-Seen Duisburg DuYC 1,1 16./17.05. Dümmerwoche Dümmer SCD 1,2 Ammersee Cup fällt aus ESC 24.05. Frankenauer Pokalwettfahrten im Ramen der Pfingstregatta&nbsp; Dümmer SCC</p>
